{"id":33592,"date":"2021-10-03T12:23:27","date_gmt":"2021-10-03T12:23:27","guid":{"rendered":"https:\/\/moonlight-lauf.de\/?page_id=33592"},"modified":"2023-04-10T14:30:13","modified_gmt":"2023-04-10T14:30:13","slug":"2021-2","status":"publish","type":"page","link":"https:\/\/moonlight-lauf.de\/index.php\/2021-2\/","title":{"rendered":"2021"},"content":{"rendered":"<div class=\"wpb-content-wrapper\">[vc_row][vc_column][vc_empty_space height=&#8221;80px&#8221;][vc_custom_heading text=&#8221;13. Moonlight-Lauf Wesel 2021&#8243; font_container=&#8221;tag:h2|text_align:center|color:%23ffffff&#8221; google_fonts=&#8221;font_family:Open%20Sans%3A300%2C300italic%2Cregular%2Citalic%2C600%2C600italic%2C700%2C700italic%2C800%2C800italic|font_style:400%20regular%3A400%3Anormal&#8221; css_animation=&#8221;bounceInLeft&#8221;][vc_separator color=&#8221;violet&#8221;][\/vc_column][\/vc_row][vc_row][vc_column width=&#8221;1\/5&#8243;][\/vc_column][vc_column width=&#8221;1\/5&#8243;][\/vc_column][vc_column width=&#8221;1\/5&#8243;][\/vc_column][vc_column width=&#8221;1\/5&#8243;][vc_toggle title=&#8221;Ergebnisse&#8221;]<span style=\"color: #ffffff;\"><a style=\"color: #ffffff;\" href=\"https:\/\/my.raceresult.com\/174362\/results#1_02E53B\" target=\"_blank\" rel=\"noopener\">Zieleinlaufliste<\/a><\/span>\r\n\r\n<span style=\"color: #ffffff;\"><a style=\"color: #ffffff;\" href=\"https:\/\/my.raceresult.com\/174362\/results#1_882810\" target=\"_blank\" rel=\"noopener\">Altersklassenliste<\/a><\/span>\r\n\r\n<span style=\"color: #ffffff;\"><a style=\"color: #ffffff;\" href=\"https:\/\/my.raceresult.com\/174362\/results#1_E1AC2D\" target=\"_blank\" rel=\"noopener\">Hotte&#8217;s Mannschafts Cup<\/a><\/span>[\/vc_toggle][\/vc_column][vc_column width=&#8221;1\/5&#8243;][vc_toggle title=&#8221;Presseberichte&#8221;]<span style=\"color: #ffffff;\"><a style=\"color: #ffffff;\" href=\"https:\/\/www.lokalkompass.de\/wesel\/c-sport\/lauffreunde-hadi-starten-durch_a1634398\" target=\"_blank\" rel=\"noopener\"><strong>Der Weseler<\/strong> 24. September 2021\u00a0 Lauffreunde HADI starten durch<\/a><\/span>[\/vc_toggle][\/vc_column][\/vc_row][vc_row][vc_column][vc_empty_space][vc_custom_heading text=&#8221;Hier die Sieger\/innen und Platzierten:&#8221; font_container=&#8221;tag:h2|text_align:center&#8221; google_fonts=&#8221;font_family:Open%20Sans%3A300%2C300italic%2Cregular%2Citalic%2C600%2C600italic%2C700%2C700italic%2C800%2C800italic|font_style:300%20light%20regular%3A300%3Anormal&#8221;][vc_empty_space][\/vc_column][\/vc_row][vc_row][vc_column width=&#8221;1\/6&#8243;][\/vc_column][vc_column width=&#8221;2\/6&#8243;][vc_column_text]\r\n<p style=\"text-align: center;\"><span style=\"color: #ffffff;\">1. Jan\u00dfen, Karsten \/ 23:52\u00a0ASICS Frontrunner<\/span>\r\n<span style=\"color: #ffffff;\">2. Hubbert, Sascha \/ 24:15\u00a0Bunert Kleve<\/span>\r\n<span style=\"color: #ffffff;\">3. Wardemann, Heiner \/ 24:32\u00a0Bataver Lauftreff Emmerich<\/span>\r\n<span style=\"color: #ffffff;\">4. Gosebrink, Jens \/ 24:55 Lauffreunde HADI Wesel<\/span>\r\n<span style=\"color: #ffffff;\">5. Zimmermann, Marcel \/ 26:09\u00a0LT Bernd H\u00fcbner<\/span>\r\n<span style=\"color: #ffffff;\">6. Nehm, Oliver \/ 26:33 BSG Volksbank Rhein-Lippe eG Wesel<\/span><\/p>\r\n[\/vc_column_text][\/vc_column][vc_column width=&#8221;2\/6&#8243;][vc_column_text]\r\n<p style=\"text-align: center;\"><span style=\"color: #ffffff;\">1. Fierek, Carina \/ 26:22 TuS Xanten<\/span>\r\n<span style=\"color: #ffffff;\">2. van H\u00fc\u00fct, Annika \/ 28:52 LG Alpen<\/span>\r\n<span style=\"color: #ffffff;\">3. Rohs-Knepper, Birte \/ 29:42 Nispa TriTeam HADI Wesel<\/span>\r\n<span style=\"color: #ffffff;\">4. Martens, Fabiana \/ 30:11 BSG Volksbank Rhein-Lippe eG Wesel<\/span>\r\n<span style=\"color: #ffffff;\">5. Yvonne Fahrland \/ 31:11 DJK SF 97\/30 Lowick<\/span>\r\n<span style=\"color: #ffffff;\">6. Scherlitz, Julia \/ 31:36 Sporthochschule K\u00f6ln<\/span><\/p>\r\n[\/vc_column_text][\/vc_column][vc_column width=&#8221;1\/6&#8243;][\/vc_column][\/vc_row][vc_row][vc_column][vc_empty_space][vc_column_text]\r\n<p style=\"text-align: center;\"><span style=\"color: #ffffff;\"><strong>Hotte\u2019s Mannschafts Cup<\/strong><\/span><\/p>\r\n[\/vc_column_text][\/vc_column][\/vc_row][vc_row][vc_column width=&#8221;1\/2&#8243;][vc_column_text]\r\n<p style=\"text-align: center;\"><span style=\"color: #ffffff;\">1. TuS Xanten\u00a0 \/ 1:32:44\u00a0 \/ Carina Fierek, Miriam Matrhiesen, Svenja Matthiesen<\/span>\r\n<span style=\"color: #ffffff;\">2. DJK SF 97\/30 Lowick\u00a0 \/ 1:38:38 \/\u00a0 Yvonne Fahrland, Michaela L\u00fcth, Veronika Ridder<\/span>\r\n<span style=\"color: #ffffff;\">3. LG Alpen \u00a0\/ 1:40:51 \/ Annika van H\u00fc\u00fct, Christina van H\u00fc\u00fct, Manuela Krohn<\/span><\/p>\r\n[\/vc_column_text][\/vc_column][vc_column width=&#8221;1\/2&#8243;][vc_column_text]\r\n<p style=\"text-align: center;\"><span style=\"color: #ffffff;\">1. DJK SF 97\/30 Lowick \/ 1:26:43 \/ Sven He\u00dfling, Manfred Grunau, Christian Bl\u00e4ker<\/span>\r\n<span style=\"color: #ffffff;\">2. Lauffreunde HADI Wesel \/ 1:28:09 \/ Jens Gosebrink, Carsten van Onna, Jan-Niklas Peplau<\/span>\r\n<span style=\"color: #ffffff;\">3. BSG Volksbank Rhein-Lippe eG Wesel \/ 1:28:48 \/ Oliver Nehm, Wolfgang Majert, Jan Overl\u00f6per<\/span><\/p>\r\n[\/vc_column_text][\/vc_column][\/vc_row][vc_row][vc_column][vc_empty_space height=&#8221;40px&#8221;][vc_custom_heading text=&#8221;Bildergalerie&#8221; google_fonts=&#8221;font_family:Open%20Sans%3A300%2C300italic%2Cregular%2Citalic%2C600%2C600italic%2C700%2C700italic%2C800%2C800italic|font_style:300%20light%20regular%3A300%3Anormal&#8221;][vc_empty_space][\/vc_column][\/vc_row][vc_row full_width=&#8221;stretch_row_content&#8221;][vc_column][vc_masonry_media_grid gap=&#8221;15&#8243; grid_id=&#8221;vc_gid:1681136973637-3786befb-ab00-7&#8243; include=&#8221;33643,33644,33645,33646,33647,33648,33649,33650,33651,33652,33653,33654,33655,33656,33657,33658,33659,33660,33661,33662,33663,33664,33665,33666,33667,33668,33669,33670,33671,33672,33673,33674,33675,33676,33677,33678,33679,33680,33681,33682,33683,33684,33685,33686,33687,33688,33689,33690,33691,33692,33693,33694,33695,33696,33697,33698,33699,33700,33701,33702,33703,33704,33705,33706,33707,33708,33709,33710,33711,33712,33713,33714,33715,33716,33717,33718,33719,33720,33721,33722,33723,33724,33725,33726,33727,33728,33729,33730,33731,33732,33733,33734,33735&#8243;][\/vc_column][\/vc_row]<\/div>","protected":false},"excerpt":{"rendered":"<p>[vc_row][vc_column][vc_empty_space height=&#8221;80px&#8221;][vc_custom_heading text=&#8221;13. Moonlight-Lauf Wesel 2021&#8243; font_container=&#8221;tag:h2|text_align:center|color:%23ffffff&#8221; google_fonts=&#8221;font_family:Open%20Sans%3A300%2C300italic%2Cregular%2Citalic%2C600%2C600italic%2C700%2C700italic%2C800%2C800italic|font_style:400%20regular%3A400%3Anormal&#8221; css_animation=&#8221;bounceInLeft&#8221;][vc_separator color=&#8221;violet&#8221;][\/vc_column][\/vc_row][vc_row][vc_column width=&#8221;1\/5&#8243;][\/vc_column][vc_column width=&#8221;1\/5&#8243;][\/vc_column][vc_column width=&#8221;1\/5&#8243;][\/vc_column][vc_column width=&#8221;1\/5&#8243;][vc_toggle title=&#8221;Ergebnisse&#8221;]Zieleinlaufliste Altersklassenliste Hotte&#8217;s Mannschafts Cup[\/vc_toggle][\/vc_column][vc_column width=&#8221;1\/5&#8243;][vc_toggle title=&#8221;Presseberichte&#8221;]Der Weseler 24. September 2021\u00a0 Lauffreunde HADI starten durch[\/vc_toggle][\/vc_column][\/vc_row][vc_row][vc_column][vc_empty_space][vc_custom_heading text=&#8221;Hier die Sieger\/innen und Platzierten:&#8221; font_container=&#8221;tag:h2|text_align:center&#8221; google_fonts=&#8221;font_family:Open%20Sans%3A300%2C300italic%2Cregular%2Citalic%2C600%2C600italic%2C700%2C700italic%2C800%2C800italic|font_style:300%20light%20regular%3A300%3Anormal&#8221;][vc_empty_space][\/vc_column][\/vc_row][vc_row][vc_column width=&#8221;1\/6&#8243;][\/vc_column][vc_column width=&#8221;2\/6&#8243;][vc_column_text] 1. Jan\u00dfen, Karsten \/ 23:52\u00a0ASICS Frontrunner 2. Hubbert, Sascha \/ 24:15\u00a0Bunert Kleve 3. Wardemann, Heiner \/ 24:32\u00a0Bataver [&hellip;]<\/p>\n","protected":false},"author":1,"featured_media":0,"parent":0,"menu_order":0,"comment_status":"closed","ping_status":"closed","template":"","meta":{"advanced_seo_description":"","jetpack_seo_html_title":"","jetpack_seo_noindex":false,"footnotes":""},"class_list":["post-33592","page","type-page","status-publish","hentry"],"jetpack_sharing_enabled":true,"_links":{"self":[{"href":"https:\/\/moonlight-lauf.de\/index.php\/wp-json\/wp\/v2\/pages\/33592","targetHints":{"allow":["GET"]}}],"collection":[{"href":"https:\/\/moonlight-lauf.de\/index.php\/wp-json\/wp\/v2\/pages"}],"about":[{"href":"https:\/\/moonlight-lauf.de\/index.php\/wp-json\/wp\/v2\/types\/page"}],"author":[{"embeddable":true,"href":"https:\/\/moonlight-lauf.de\/index.php\/wp-json\/wp\/v2\/users\/1"}],"replies":[{"embeddable":true,"href":"https:\/\/moonlight-lauf.de\/index.php\/wp-json\/wp\/v2\/comments?post=33592"}],"version-history":[{"count":0,"href":"https:\/\/moonlight-lauf.de\/index.php\/wp-json\/wp\/v2\/pages\/33592\/revisions"}],"wp:attachment":[{"href":"https:\/\/moonlight-lauf.de\/index.php\/wp-json\/wp\/v2\/media?parent=33592"}],"curies":[{"name":"wp","href":"https:\/\/api.w.org\/{rel}","templated":true}]}}

<div class="wpb-content-wrapper">[vc_row][vc_column][vc_empty_space height=&#8221;80px&#8221;][vc_custom_heading text=&#8221;13. Moonlight-Lauf Wesel 2021&#8243; font_container=&#8221;tag:h2|text_align:center|color:%23ffffff&#8221; google_fonts=&#8221;font_family:Open%20Sans%3A300%2C300italic%2Cregular%2Citalic%2C600%2C600italic%2C700%2C700italic%2C800%2C800italic|font_style:400%20regular%3A400%3Anormal&#8221; css_animation=&#8221;bounceInLeft&#8221;][vc_separator color=&#8221;violet&#8221;][/vc_column][/vc_row][vc_row][vc_column width=&#8221;1/5&#8243;][/vc_column][vc_column width=&#8221;1/5&#8243;][/vc_column][vc_column width=&#8221;1/5&#8243;][/vc_column][vc_column width=&#8221;1/5&#8243;][vc_toggle title=&#8221;Ergebnisse&#8221;]<span style="color: #ffffff;"><a style="color: #ffffff;" href="https://my.raceresult.com/174362/results#1_02E53B" target="_blank" rel="noopener">Zieleinlaufliste</a></span>

<span style="color: #ffffff;"><a style="color: #ffffff;" href="https://my.raceresult.com/174362/results#1_882810" target="_blank" rel="noopener">Altersklassenliste</a></span>

<span style="color: #ffffff;"><a style="color: #ffffff;" href="https://my.raceresult.com/174362/results#1_E1AC2D" target="_blank" rel="noopener">Hotte&#8217;s Mannschafts Cup</a></span>[/vc_toggle][/vc_column][vc_column width=&#8221;1/5&#8243;][vc_toggle title=&#8221;Presseberichte&#8221;]<span style="color: #ffffff;"><a style="color: #ffffff;" href="https://www.lokalkompass.de/wesel/c-sport/lauffreunde-hadi-starten-durch_a1634398" target="_blank" rel="noopener"><strong>Der Weseler</strong> 24. September 2021  Lauffreunde HADI starten durch</a></span>[/vc_toggle][/vc_column][/vc_row][vc_row][vc_column][vc_empty_space][vc_custom_heading text=&#8221;Hier die Sieger/innen und Platzierten:&#8221; font_container=&#8221;tag:h2|text_align:center&#8221; google_fonts=&#8221;font_family:Open%20Sans%3A300%2C300italic%2Cregular%2Citalic%2C600%2C600italic%2C700%2C700italic%2C800%2C800italic|font_style:300%20light%20regular%3A300%3Anormal&#8221;][vc_empty_space][/vc_column][/vc_row][vc_row][vc_column width=&#8221;1/6&#8243;][/vc_column][vc_column width=&#8221;2/6&#8243;][vc_column_text]
<p style="text-align: center;"><span style="color: #ffffff;">1. Janßen, Karsten / 23:52 ASICS Frontrunner</span>
<span style="color: #ffffff;">2. Hubbert, Sascha / 24:15 Bunert Kleve</span>
<span style="color: #ffffff;">3. Wardemann, Heiner / 24:32 Bataver Lauftreff Emmerich</span>
<span style="color: #ffffff;">4. Gosebrink, Jens / 24:55 Lauffreunde HADI Wesel</span>
<span style="color: #ffffff;">5. Zimmermann, Marcel / 26:09 LT Bernd Hübner</span>
<span style="color: #ffffff;">6. Nehm, Oliver / 26:33 BSG Volksbank Rhein-Lippe eG Wesel</span></p>
[/vc_column_text][/vc_column][vc_column width=&#8221;2/6&#8243;][vc_column_text]
<p style="text-align: center;"><span style="color: #ffffff;">1. Fierek, Carina / 26:22 TuS Xanten</span>
<span style="color: #ffffff;">2. van Hüüt, Annika / 28:52 LG Alpen</span>
<span style="color: #ffffff;">3. Rohs-Knepper, Birte / 29:42 Nispa TriTeam HADI Wesel</span>
<span style="color: #ffffff;">4. Martens, Fabiana / 30:11 BSG Volksbank Rhein-Lippe eG Wesel</span>
<span style="color: #ffffff;">5. Yvonne Fahrland / 31:11 DJK SF 97/30 Lowick</span>
<span style="color: #ffffff;">6. Scherlitz, Julia / 31:36 Sporthochschule Köln</span></p>
[/vc_column_text][/vc_column][vc_column width=&#8221;1/6&#8243;][/vc_column][/vc_row][vc_row][vc_column][vc_empty_space][vc_column_text]
<p style="text-align: center;"><span style="color: #ffffff;"><strong>Hotte’s Mannschafts Cup</strong></span></p>
[/vc_column_text][/vc_column][/vc_row][vc_row][vc_column width=&#8221;1/2&#8243;][vc_column_text]
<p style="text-align: center;"><span style="color: #ffffff;">1. TuS Xanten  / 1:32:44  / Carina Fierek, Miriam Matrhiesen, Svenja Matthiesen</span>
<span style="color: #ffffff;">2. DJK SF 97/30 Lowick  / 1:38:38 /  Yvonne Fahrland, Michaela Lüth, Veronika Ridder</span>
<span style="color: #ffffff;">3. LG Alpen  / 1:40:51 / Annika van Hüüt, Christina van Hüüt, Manuela Krohn</span></p>
[/vc_column_text][/vc_column][vc_column width=&#8221;1/2&#8243;][vc_column_text]
<p style="text-align: center;"><span style="color: #ffffff;">1. DJK SF 97/30 Lowick / 1:26:43 / Sven Heßling, Manfred Grunau, Christian Bläker</span>
<span style="color: #ffffff;">2. Lauffreunde HADI Wesel / 1:28:09 / Jens Gosebrink, Carsten van Onna, Jan-Niklas Peplau</span>
<span style="color: #ffffff;">3. BSG Volksbank Rhein-Lippe eG Wesel / 1:28:48 / Oliver Nehm, Wolfgang Majert, Jan Overlöper</span></p>
[/vc_column_text][/vc_column][/vc_row][vc_row][vc_column][vc_empty_space height=&#8221;40px&#8221;][vc_custom_heading text=&#8221;Bildergalerie&#8221; google_fonts=&#8221;font_family:Open%20Sans%3A300%2C300italic%2Cregular%2Citalic%2C600%2C600italic%2C700%2C700italic%2C800%2C800italic|font_style:300%20light%20regular%3A300%3Anormal&#8221;][vc_empty_space][/vc_column][/vc_row][vc_row full_width=&#8221;stretch_row_content&#8221;][vc_column][vc_masonry_media_grid gap=&#8221;15&#8243; grid_id=&#8221;vc_gid:1681136973637-3786befb-ab00-7&#8243; include=&#8221;33643,33644,33645,33646,33647,33648,33649,33650,33651,33652,33653,33654,33655,33656,33657,33658,33659,33660,33661,33662,33663,33664,33665,33666,33667,33668,33669,33670,33671,33672,33673,33674,33675,33676,33677,33678,33679,33680,33681,33682,33683,33684,33685,33686,33687,33688,33689,33690,33691,33692,33693,33694,33695,33696,33697,33698,33699,33700,33701,33702,33703,33704,33705,33706,33707,33708,33709,33710,33711,33712,33713,33714,33715,33716,33717,33718,33719,33720,33721,33722,33723,33724,33725,33726,33727,33728,33729,33730,33731,33732,33733,33734,33735&#8243;][/vc_column][/vc_row]</div>

<p>[vc_row][vc_column][vc_empty_space height=&#8221;80px&#8221;][vc_custom_heading text=&#8221;13. Moonlight-Lauf Wesel 2021&#8243; font_container=&#8221;tag:h2|text_align:center|color:%23ffffff&#8221; google_fonts=&#8221;font_family:Open%20Sans%3A300%2C300italic%2Cregular%2Citalic%2C600%2C600italic%2C700%2C700italic%2C800%2C800italic|font_style:400%20regular%3A400%3Anormal&#8221; css_animation=&#8221;bounceInLeft&#8221;][vc_separator color=&#8221;violet&#8221;][/vc_column][/vc_row][vc_row][vc_column width=&#8221;1/5&#8243;][/vc_column][vc_column width=&#8221;1/5&#8243;][/vc_column][vc_column width=&#8221;1/5&#8243;][/vc_column][vc_column width=&#8221;1/5&#8243;][vc_toggle title=&#8221;Ergebnisse&#8221;]Zieleinlaufliste Altersklassenliste Hotte&#8217;s Mannschafts Cup[/vc_toggle][/vc_column][vc_column width=&#8221;1/5&#8243;][vc_toggle title=&#8221;Presseberichte&#8221;]Der Weseler 24. September 2021  Lauffreunde HADI starten durch[/vc_toggle][/vc_column][/vc_row][vc_row][vc_column][vc_empty_space][vc_custom_heading text=&#8221;Hier die Sieger/innen und Platzierten:&#8221; font_container=&#8221;tag:h2|text_align:center&#8221; google_fonts=&#8221;font_family:Open%20Sans%3A300%2C300italic%2Cregular%2Citalic%2C600%2C600italic%2C700%2C700italic%2C800%2C800italic|font_style:300%20light%20regular%3A300%3Anormal&#8221;][vc_empty_space][/vc_column][/vc_row][vc_row][vc_column width=&#8221;1/6&#8243;][/vc_column][vc_column width=&#8221;2/6&#8243;][vc_column_text] 1. Janßen, Karsten / 23:52 ASICS Frontrunner 2. Hubbert, Sascha / 24:15 Bunert Kleve 3. Wardemann, Heiner / 24:32 Bataver [&hellip;]</p>
