{"id":33331,"date":"2020-04-25T10:05:34","date_gmt":"2020-04-25T10:05:34","guid":{"rendered":"https:\/\/moonlight-lauf.de\/?page_id=33331"},"modified":"2023-04-10T14:33:10","modified_gmt":"2023-04-10T14:33:10","slug":"2020-2","status":"publish","type":"page","link":"https:\/\/moonlight-lauf.de\/index.php\/2020-2\/","title":{"rendered":"2020"},"content":{"rendered":"<div class=\"wpb-content-wrapper\">[vc_row][vc_column][vc_empty_space height=&#8221;80px&#8221;][vc_custom_heading text=&#8221;Moonlightlauf at home 2020&#8243; font_container=&#8221;tag:h2|text_align:center|color:%23ffffff&#8221; google_fonts=&#8221;font_family:Open%20Sans%3A300%2C300italic%2Cregular%2Citalic%2C600%2C600italic%2C700%2C700italic%2C800%2C800italic|font_style:400%20regular%3A400%3Anormal&#8221; css_animation=&#8221;bounceInLeft&#8221;][vc_separator color=&#8221;violet&#8221;][\/vc_column][\/vc_row][vc_row][vc_column width=&#8221;1\/5&#8243;][\/vc_column][vc_column width=&#8221;1\/5&#8243;][\/vc_column][vc_column width=&#8221;1\/5&#8243;][\/vc_column][vc_column width=&#8221;1\/5&#8243;][\/vc_column][vc_column width=&#8221;1\/5&#8243;][vc_toggle title=&#8221;Ergebnisse&#8221;]<span style=\"color: #ffffff;\"><a style=\"color: #ffffff;\" href=\"https:\/\/my.raceresult.com\/152170\/?lang=de#0_91BD5A\" target=\"_blank\" rel=\"noopener noreferrer\">Zieleinlaufliste<\/a><\/span>\r\n\r\n<span style=\"color: #ffffff;\"><a style=\"color: #ffffff;\" href=\"https:\/\/my.raceresult.com\/152170\/?lang=de#1_7AFADD\" target=\"_blank\" rel=\"noopener noreferrer\">Altersklassenliste<\/a><\/span>\r\n\r\n[\/vc_toggle][\/vc_column][\/vc_row][vc_row][vc_column width=&#8221;1\/4&#8243;][vc_single_image image=&#8221;33458&#8243; img_size=&#8221;full&#8221;][\/vc_column][vc_column width=&#8221;3\/4&#8243;][vc_video link=&#8221;https:\/\/youtu.be\/IHcqCUYmvCE&#8221; align=&#8221;center&#8221;][\/vc_column][\/vc_row][vc_row][vc_column][vc_empty_space][vc_custom_heading text=&#8221;Hier die Sieger\/innen und Platzierten:&#8221; font_container=&#8221;tag:h2|text_align:center&#8221; google_fonts=&#8221;font_family:Open%20Sans%3A300%2C300italic%2Cregular%2Citalic%2C600%2C600italic%2C700%2C700italic%2C800%2C800italic|font_style:300%20light%20regular%3A300%3Anormal&#8221;][vc_empty_space][\/vc_column][\/vc_row][vc_row][vc_column width=&#8221;1\/6&#8243;][\/vc_column][vc_column width=&#8221;2\/6&#8243;][vc_column_text]\r\n<p style=\"text-align: center;\"><span style=\"color: #ffffff;\">1. Sascha Hubbert 23:10 Bunert Kleve<\/span>\r\n<span style=\"color: #ffffff;\">2. Jens Gosebrink 24:46 LG Alpen<\/span>\r\n<span style=\"color: #ffffff;\">3. Heiner Wardemann 25:13 Bataver Lauftreff Emmerich<\/span>\r\n<span style=\"color: #ffffff;\">4. Karsten Jan\u00dfen 26:09 ASICS Frontrunner<\/span>\r\n<span style=\"color: #ffffff;\">5. Oliver Nehm 26:35 BSG Volksbank Rhein-Lippe eG Wesel<\/span>\r\n<span style=\"color: #ffffff;\">6. Marc Anton 26:59 LV Marathon Kleve<\/span><\/p>\r\n[\/vc_column_text][\/vc_column][vc_column width=&#8221;2\/6&#8243;][vc_column_text]\r\n<p style=\"text-align: center;\"><span style=\"color: #ffffff;\">1. Carina Fierek 26:36 ASICS Frontrunner<\/span>\r\n<span style=\"color: #ffffff;\">2. Sonja Koppers 33:14 Lauftreff Vynen<\/span>\r\n<span style=\"color: #ffffff;\">3. Andrea Lemm 33:44 LT Gruiten-Neandertal<\/span>\r\n<span style=\"color: #ffffff;\">4. Julia Arenz 33:53 StammtischEsel<\/span>\r\n<span style=\"color: #ffffff;\">5. Simone Bross 34:22 NRZ Heimatl\u00e4ufer<\/span>\r\n<span style=\"color: #ffffff;\">6. Sabine Roeser\u00a0 34:27 NRZ Heimatl\u00e4ufer<\/span><\/p>\r\n[\/vc_column_text][\/vc_column][vc_column width=&#8221;1\/6&#8243;][\/vc_column][\/vc_row][vc_row][vc_column][vc_single_image image=&#8221;33452&#8243; img_size=&#8221;full&#8221; alignment=&#8221;center&#8221;][\/vc_column][\/vc_row][vc_row][vc_column][vc_separator color=&#8221;violet&#8221;][vc_empty_space height=&#8221;12px&#8221;][vc_custom_heading text=&#8221;Presseberichte&#8221; font_container=&#8221;tag:h2|text_align:center|color:%23ffffff&#8221; google_fonts=&#8221;font_family:Open%20Sans%3A300%2C300italic%2Cregular%2Citalic%2C600%2C600italic%2C700%2C700italic%2C800%2C800italic|font_style:400%20regular%3A400%3Anormal&#8221; css_animation=&#8221;bounceInLeft&#8221;][vc_empty_space][vc_tta_tour style=&#8221;modern&#8221; color=&#8221;mulled-wine&#8221; active_section=&#8221;1&#8243; no_fill_content_area=&#8221;true&#8221;][vc_tta_section title=&#8221;NRZ 28. Mai 2020&#8243; tab_id=&#8221;1591119071979-3231100c-93ea&#8221;][vc_column_text]\r\n<div class=\"article__header__intro\">\r\n<div class=\"article__header\">\r\n<div class=\"article__field__multi article__field__multi-news \">\r\n<div id=\"fwid0\" class=\"article__header__inner \">\r\n<p class=\"article__header__heading\"><span class=\"article__header__kicker\" style=\"color: #ffffff;\">LEICHTATHLETIK<\/span><\/p>\r\n\r\n<h2 class=\"article__header__heading\"><span style=\"color: #ffffff;\">\u201eMoonlightlauf at home\u201c lockt 356 Aktive auf die Strecke<\/span><\/h2>\r\n<\/div>\r\n<div class=\"author-social\">\r\n<div class=\"author\"><span style=\"color: #ffffff;\"><time class=\"author__time\">28.05.2020 \u2013 14:03 Uhr<\/time><\/span><\/div>\r\n<div id=\"socialbar_fwid1\" class=\"socialbar\" data-stickyoffset=\"365\">\r\n<div class=\"socialbar__channels socialbar__channels--square\">\r\n<div class=\"share-button facebook sharrre\" title=\"Facebook\" data-text=\"\u201eMoonlightlauf at home\u201c lockt 356 Aktive auf die Strecke\" data-url=\"https:\/\/www.nrz.de\/229214106?utm_source=Facebook&amp;utm_medium=Social&amp;utm_campaign=share\"><\/div>\r\n<div class=\"share-button twitter sharrre\" title=\"Twitter\" data-text=\"\u201eMoonlightlauf at home\u201c lockt 356 Aktive auf die Strecke\" data-url=\"https:\/\/www.nrz.de\/229214106?utm_source=Twitter&amp;utm_medium=Social&amp;utm_campaign=share\"><\/div>\r\n<div class=\"share-button email\"><\/div>\r\n<div class=\"share-button print\"><\/div>\r\n<\/div>\r\n<\/div>\r\n<\/div>\r\n<\/div>\r\n<div class=\"article__field__multi article__field__multi-news author-info_wrapper-image \"><\/div>\r\n<figure class=\"hero-img content--default-background no-vspace\">\r\n<div class=\"hero-img__wrapper\">\r\n<div><\/div>\r\n<span style=\"color: #ffffff;\"><picture class=\"hero-img__img\"><source srcset=\"https:\/\/img.nrz.de\/img\/wesel-hamminkeln-schermbeck\/crop229214104\/7767609021-w420-cv16_9-q85\/43f9951a-a0d1-11ea-8adc-7066f3b2802c.jpg\" media=\"(max-width: 420px)\" \/><source srcset=\"https:\/\/img.nrz.de\/img\/wesel-hamminkeln-schermbeck\/crop229214104\/707024627-w640-cv16_9-q85\/43f9951a-a0d1-11ea-8adc-7066f3b2802c.jpg\" media=\"(max-width: 640px)\" \/><source srcset=\"https:\/\/img.nrz.de\/img\/wesel-hamminkeln-schermbeck\/crop229214104\/0803975872-w940-cv16_9-q85\/43f9951a-a0d1-11ea-8adc-7066f3b2802c.jpg\" \/><img data-recalc-dims=\"1\" loading=\"lazy\" decoding=\"async\" class=\"\" title=\"Moonlightlauf at home\" src=\"https:\/\/i0.wp.com\/www.nrz.de\/resources\/158884312\/img\/placeholder.png?resize=640%2C359&#038;ssl=1\" alt=\"Moonlightlauf at home\" width=\"640\" height=\"359\" data-pagespeed-url-hash=\"2061678733\" data-pagespeed-onload=\"pagespeed.CriticalImages.checkImageForCriticality(this);\" data-pagespeed-loaded=\"1\" \/><\/picture><\/span>\r\n\r\n<\/div>\r\n<figcaption class=\"hero-img__caption\">\r\n<div class=\"hero-img__text\">\r\n\r\n<span style=\"color: #ffffff;\">Moonlightlauf at home<\/span>\r\n\r\n<\/div>\r\n<p class=\"hero-img__credits\"><span style=\"color: #ffffff;\">Foto:\u00a0NRZ<\/span><\/p>\r\n\r\n<\/figcaption><\/figure>\r\n<\/div>\r\n<aside class=\"sidebar article__aside\">\r\n<div class=\"sidebar__column\">\r\n<div class=\"content-options clearfix \">\r\n<div class=\"content-options clearfix \"><\/div>\r\n<div class=\"content-options clearfix \"><\/div>\r\n<\/div>\r\n<\/div>\r\n<\/aside>\r\n<div class=\"article__body\">\r\n<div class=\"article__header__intro\">\r\n<p class=\"article__header__intro__text\"><span style=\"color: #ffffff;\"><span class=\"article__location\">WESEL.<\/span>\u00a0\u00a0Die Coronavirus-Pandemie hatte auch die 13. Auflage des Moonlightlaufs unm\u00f6glich gemacht. Doch die Lauffreunde HADI Wesel fanden einen Ausweg.<\/span><\/p>\r\n\r\n<\/div>\r\n<p class=\"article__paragraph p_1 \"><span style=\"color: #ffffff;\">Es sollte wieder das Event mit der ganz besonderen Atmosph\u00e4re werden. Zum 13. Mal hatten die\u00a0Lauffreunde HADI Wesel\u00a0zum Moonlightlauf eingeladen, doch die Coronavirus-Pandemie machte auch dieser Veranstaltung einen Strich durch die Rechnung. Statt durch eine Fackelgasse ins Ziel einzulaufen, riefen die Verantwortlichen kurzerhand den \u201eMoonlightlauf at home\u201c ins Leben und verbanden diesen zudem mit dem Esel-Walk. Gut einen Monat lang nahmen 356 Starter eine sieben Kilometer lange Strecke in Angriff, am Ende gab es eine Ergebnisliste.<a style=\"color: #ffffff;\" href=\"https:\/\/www.nrz.de\/sport\/lokalsport\/wesel-hamminkeln-schermbeck\/moonligtlauf-at-home-lockt-356-aktive-auf-die-strecke-id229214106.html\">\u2026weiterlesen\u2026<\/a><\/span><\/p>\r\n\r\n<\/div>\r\n<div class=\"article__body\"><\/div>\r\n<\/div>\r\n[\/vc_column_text][\/vc_tta_section][vc_tta_section title=&#8221;Der Weseler 27. Mai 2020&#8243; tab_id=&#8221;1591119071979-617b10cf-a3bd&#8221;][vc_column_text]\r\n<div class=\"small-12 columns\"><header>\r\n<div class=\"kicker\"><span style=\"color: #ffffff;\">LAUFSPORT IN WESEL<\/span><\/div>\r\n<h3><span style=\"color: #ffffff;\">Moonlightlauf- und Esel-Walk at home war mit 356 Teilnehmern sehr erfolgreich, trotz Corona!<\/span><\/h3>\r\n<span style=\"color: #ffffff;\">Sehr zufrieden sind die Lauffreunde HADI Wesel mit der Beteiligung von 356 Startern beim virtuellen Moonlightlauf und Esel-Walk 2020. In Zusammenarbeit mit der Zeitnahmefirma TAF-Timing aus Hamminkeln wurde ein Konzept f\u00fcr einen virtuellen Lauf erstellt. Dieter Klo\u00df, Vorsitzender der HADIs, sagt dazu: \u201eJeder l\u00e4uft f\u00fcr sich allein, aber alle finden in einer gemeinsamen Ergebnisliste wieder zusammen!\u201c. Diese Idee wurde von TAF Timing umgesetzt. Klo\u00df:\u201c Mit 200 L\u00e4ufern w\u00e4ren wir zufrieden gewesen. Das es soviele wurden ist gro\u00dfartig.\u201c Es meldeten sich Teilnehmer aus der ganzen Bundesrepublik an. Auch aus der Partnerstadt Felixstowe waren sieben Teilnehmer mit dabei. 100 L\u00e4uferinnen und L\u00e4ufer von den -NRZ Heimatl\u00e4ufern- sind dem Aufruf gefolgt und liefen die geforderten 7 Kilometer auf ihren Hausstrecken. \u201eEs war sch\u00f6n zu sehen, wie viele mit ihrer pers\u00f6nlichen Startnummer auf ihrer Strecke unterwegs waren.\u201c<\/span>\r\n<span style=\"color: #ffffff;\">Mit den Startgeb\u00fchren tragen die HADI\u2019s zur Unterhaltung und Optimierung der Seewegebeleuchtung bei. In diesem Fr\u00fchjahr konnten zwei weitere Leuchten installiert werden. \u201eWir danken all unseren Sponsoren, dass sie auch in diesen Zeiten uns die Treue halten.\u201c<a style=\"color: #ffffff;\" href=\"https:\/\/www.lokalkompass.de\/wesel\/c-sport\/moonlightlauf-und-esel-walk-at-home-war-mit-356-teilnehmern-sehr-erfolgreich-trotz-corona_a1375746\">\u2026weiterlesen\u2026<\/a><\/span>\r\n\r\n<\/header><\/div>\r\n<div id=\"content-main\" class=\"small-12 large-8 large-pull-4 columns\">\r\n<div data-content-text=\"\"><\/div>\r\n<\/div>\r\n[\/vc_column_text][\/vc_tta_section][vc_tta_section title=&#8221;NRZ 07.05.2020&#8243; tab_id=&#8221;1591270375791-3fc0b7e5-e28c&#8221;][vc_column_text]\r\n<div class=\"article__field__multi article__field__multi-news \">\r\n<div id=\"fwid0\" class=\"article__header__inner \">\r\n<div class=\"article__header__heading\">\r\n\r\n<span class=\"article__header__kicker\">HEIMATL\u00c4UFER<\/span>\r\n<h2 class=\"article__header__headline \">Trotz Corona: Alleine laufen f\u00fcrs gemeinsame Ziel<\/h2>\r\n<\/div>\r\n<\/div>\r\n<div class=\"author-social\">\r\n<div class=\"author\">\r\n<p class=\"author__name\">Ralf Kubbernuss<\/p>\r\n<time class=\"author__time\">07.05.2020 \u2013 18:14 Uhr<\/time>\r\n\r\n<\/div>\r\n<div id=\"socialbar_fwid1\" class=\"socialbar\" data-stickyoffset=\"365\">\r\n<div class=\"socialbar__channels socialbar__channels--square\">\r\n<div class=\"share-button facebook sharrre\" title=\"Facebook\" data-text=\"Trotz Corona: Alleine laufen f\u00fcrs gemeinsame Ziel\" data-url=\"https:\/\/www.nrz.de\/229070851?utm_source=Facebook&amp;utm_medium=Social&amp;utm_campaign=share\"><\/div>\r\n<div class=\"share-button twitter sharrre\" title=\"Twitter\" data-text=\"Trotz Corona: Alleine laufen f\u00fcrs gemeinsame Ziel\" data-url=\"https:\/\/www.nrz.de\/229070851?utm_source=Twitter&amp;utm_medium=Social&amp;utm_campaign=share\"><\/div>\r\n<div class=\"share-button email\"><\/div>\r\n<div class=\"share-button print\"><\/div>\r\n<\/div>\r\n<\/div>\r\n<\/div>\r\n<\/div>\r\n<div class=\"article__field__multi article__field__multi-news author-info_wrapper-image \"><\/div>\r\n<figure class=\"hero-img content--default-background no-vspace\">\r\n<div class=\"hero-img__wrapper\">\r\n<div><\/div>\r\n<picture class=\"hero-img__img\"><source srcset=\"https:\/\/img.nrz.de\/img\/incoming\/crop229070849\/9807608663-w420-cv16_9-q85\/88d4150c-907d-11ea-80ca-2dad9a85d541.jpg\" media=\"(max-width: 420px)\" \/><source srcset=\"https:\/\/img.nrz.de\/img\/incoming\/crop229070849\/7990248985-w640-cv16_9-q85\/88d4150c-907d-11ea-80ca-2dad9a85d541.jpg\" media=\"(max-width: 640px)\" \/><source srcset=\"https:\/\/img.nrz.de\/img\/incoming\/crop229070849\/0573973740-w940-cv16_9-q85\/88d4150c-907d-11ea-80ca-2dad9a85d541.jpg\" \/><img data-recalc-dims=\"1\" loading=\"lazy\" decoding=\"async\" class=\"\" title=\"Trainieren f\u00fcr die Zeit nach Corona: Der Duisburger Heimatl\u00e4ufer Marcus Zurhorst in Begleitung seines siebenj\u00e4hrigen Sohnes Philipp.\" src=\"https:\/\/i0.wp.com\/www.nrz.de\/resources\/158884312\/img\/placeholder.png?resize=640%2C359&#038;ssl=1\" alt=\"Trainieren f\u00fcr die Zeit nach Corona: Der Duisburger Heimatl\u00e4ufer Marcus Zurhorst in Begleitung seines siebenj\u00e4hrigen Sohnes Philipp.\" width=\"640\" height=\"359\" \/><\/picture>\r\n\r\n<\/div>\r\n<figcaption class=\"hero-img__caption\">\r\n<div class=\"hero-img__text\">\r\n\r\nTrainieren f\u00fcr die Zeit nach Corona: Der Duisburger Heimatl\u00e4ufer Marcus Zurhorst in Begleitung seines siebenj\u00e4hrigen Sohnes Philipp.\r\n\r\n<\/div>\r\n<p class=\"hero-img__credits\">Foto:\u00a0Ulla Michels \/ FUNKE Foto Services<\/p>\r\n\r\n<div class=\"article__header__intro\">\r\n<p class=\"article__header__intro__text\"><span class=\"article__location\">AN RHEIN UND RUHR.<\/span>\u00a0\u00a0Viele Volksl\u00e4ufe werden wegen der Corona-Krise abgesagt. Die Veranstalter behelfen sich mit Fantasie. Sie organisieren virtuelle L\u00e4ufe.<\/p>\r\n\r\n<\/div>\r\n<p class=\"article__paragraph p_1 \">Sie laufen nicht gemeinsam, aber sie haben ein gemeinsames Ziel: laufen. Und das lassen sich die vielen Lauf- und Walkingfreunde von der Corona-Pandemie nicht nehmen. Der\u00a0Absage vieler Volksl\u00e4ufe trotzen immer mehr Vereine und Veranstalter mit virtuellen L\u00e4ufen, bei denen jede Distanz- und Hygieneregel leicht einzuhalten ist.<a href=\"https:\/\/www.nrz.de\/region\/trotz-corona-alleine-laufen-fuers-gemeinsame-ziel-id229070851.html\">..weiterlesen\u2026<\/a><\/p>\r\n\r\n<\/figcaption><\/figure>\r\n[\/vc_column_text][\/vc_tta_section][vc_tta_section title=&#8221;Der Weseler vom 07.05.2020&#8243; tab_id=&#8221;1591270560137-d683980a-205f&#8221;][vc_column_text]<img data-recalc-dims=\"1\" decoding=\"async\" src=\"https:\/\/i0.wp.com\/esel-walk-wesel.com\/wp-content\/uploads\/2020\/05\/11192106_XXL-e1590597704789.jpg?w=640&#038;ssl=1\" \/>\r\n<h1><span style=\"color: #ffffff;\">Moonlight \u2013 Serenade von Laurenz Thissen<\/span><\/h1>\r\n<span style=\"color: #ffffff;\">Corona soll sterben\u201c sagt die Tochter zu ihrer Mutter. \u201eIch will wieder zu Oma und Opa\u201c. Und so meinen die Moderatoren vieler Laufveranstaltungen.<\/span>\r\n<span style=\"color: #ffffff;\">Corona soll verschwinden. Wir wollen euch wieder bei Start und Ziel begr\u00fc\u00dfen. Doch in diesem Jahr ist alles ganz anders. Alle Laufevents sind abgesagt.<\/span>\r\n<span style=\"color: #ffffff;\">Die\u201c Laufwelt\u201c ist geschockt. Und doch\u2026laufen geht immer. Ein gro\u00dfer Vorteil gegen\u00fcber vielen anderen Sportarten. Die Natur lockt Kilometer \u201ezu machen \u201e<\/span>\r\n<span style=\"color: #ffffff;\">Und so beobachtet man das sehr viele Freizeitsportler in dieser besonderen Zeit die gro\u00dfen \u201eVorz\u00fcge\u201c unseres wundersch\u00f6nen Niederrheins nutzen.<\/span>\r\n<span style=\"color: #ffffff;\">So m\u00f6chte man allen Sportlern zurufen :\u201c Lauft f\u00fcr euch und eure Gesundheit. \u201e Doch eins fehlt. Die Gemeinschaft und die Geselligkeit.<\/span>\r\n<span style=\"color: #ffffff;\">Und da kommen die virtuellen L\u00e4ufe \u201eins Spiel\u201c. Mittlerweile gibt es viele Anbieter in dem Segment\u2026.<a style=\"color: #ffffff;\" href=\"https:\/\/www.lokalkompass.de\/wesel\/c-sport\/moonlight-serenade-von-laurenz-thissen_a1363557#gallery=null\">weiterlesen\u2026<\/a><\/span>[\/vc_column_text][\/vc_tta_section][vc_tta_section title=&#8221;NRZ vom 23.04.2020&#8243; tab_id=&#8221;1591270655640-398cfc40-16fe&#8221;][vc_column_text]<img data-recalc-dims=\"1\" decoding=\"async\" src=\"https:\/\/i0.wp.com\/esel-walk-wesel.com\/wp-content\/uploads\/2020\/05\/e7cfb3d51430248ef91a60ad35be8fae.png?w=640&#038;ssl=1\" \/>\r\n<h4>Die echten Veranstaltungen mussten die Lauffreunde HADI Wesel wegen der Coronavirus-Pandemie absagen. Aber nun gibt es virtuellen Ersatz.<\/h4>\r\n<h4>Dieter Klo\u00df will \u201edem Virus das sportliche Feld nicht ganz \u00fcberlassen\u201c. Nachdem der Vorsitzende der\u00a0Lauffreunde HADI Wesel\u00a0bereits den 13. Moonlightlauf und den 2. Esel-Walk (22. und 23. Mai) wegen der Coronavirus-Pandemie hatte absagen m\u00fcssen, rief er nach eingehender Beratung mit den Vorstandskollegen nun einen virtuellen Wettbewerb unter dem Motto \u201eMoonlightlauf at home\u201c ins Leben. Anmeldungen daf\u00fcr sind ab sofort im Internet unter \u201ewww.taf-timing.de\u201c oder \u201ewww.moonlight-lauf-wesel.de\u201c m\u00f6glich.<\/h4>\r\n<a href=\"https:\/\/www.nrz.de\/sport\/lokalsport\/wesel-hamminkeln-schermbeck\/moonlightlauf-at-home-findet-als-virtueller-ersatz-statt-id228973413.html\" target=\"_blank\" rel=\"noopener noreferrer\">-weiterlesen \u2013<\/a>[\/vc_column_text][\/vc_tta_section][vc_tta_section title=&#8221;Der Weseler vom 07.05.2020&#8243; tab_id=&#8221;1591270754059-2835d6f2-03d4&#8243;][vc_column_text]\r\n<div class=\"wpb_single_image wpb_content_element vc_align_left\">\r\n<figure class=\"wpb_wrapper vc_figure\">\r\n<div class=\"vc_single_image-wrapper vc_box_border_grey\"><img data-recalc-dims=\"1\" loading=\"lazy\" decoding=\"async\" class=\"vc_single_image-img attachment-full\" src=\"https:\/\/i0.wp.com\/esel-walk-wesel.com\/wp-content\/uploads\/2020\/05\/11164260_XL.jpg?resize=640%2C538&#038;ssl=1\" sizes=\"auto, (max-width: 1200px) 100vw, 1200px\" srcset=\"https:\/\/esel-walk-wesel.com\/wp-content\/uploads\/2020\/05\/11164260_XL.jpg 1200w, https:\/\/esel-walk-wesel.com\/wp-content\/uploads\/2020\/05\/11164260_XL-300x252.jpg 300w, https:\/\/esel-walk-wesel.com\/wp-content\/uploads\/2020\/05\/11164260_XL-1024x860.jpg 1024w, https:\/\/esel-walk-wesel.com\/wp-content\/uploads\/2020\/05\/11164260_XL-768x645.jpg 768w, https:\/\/esel-walk-wesel.com\/wp-content\/uploads\/2020\/05\/11164260_XL-500x420.jpg 500w\" alt=\"\" width=\"640\" height=\"538\" \/><\/div><\/figure>\r\n<\/div>\r\n<div class=\"wpb_text_column wpb_content_element \">\r\n<div class=\"wpb_wrapper\">\r\n<h3>HADI startet mit einem Moonlight-Lauf at home<\/h3>\r\n<span style=\"color: #ffffff;\"><b>Aus den bekannten Gr\u00fcnden mussten die Lauffreunde HADI Wesel Ihren 13. Moonlight-Lauf Wesel, gepl. am 22. Mai 2020, und den 2. Esel-Walk Wesel, gepl. am 23. Mai 2020, absagen. Einen Ersatztermin f\u00fcr 2020 gibt es nicht.<\/b><\/span>\r\n<span style=\"color: #ffffff;\">Um den Lauf- und Walking-Sport auch auf einer gewissen Wettkampfebene weiter zu betreiben, sprie\u00dfen im Netzt viele Portale hervor. Dort meldet man sich an und kann dann sein Ergebnis nach einem \u201ealleine\u201c Lauf posten. Eine Urkunde dazu kann man sich auch ausdrucken.<a style=\"color: #ffffff;\" href=\"https:\/\/www.lokalkompass.de\/wesel\/c-sport\/hadi-startet-mit-einem-moonlight-lauf-at-home_a1353483\" target=\"_blank\" rel=\"noopener noreferrer\">\u00a0\u2013 weiterlesen \u2013<\/a><\/span>\r\n\r\n<\/div>\r\n<\/div>\r\n[\/vc_column_text][\/vc_tta_section][\/vc_tta_tour][\/vc_column][\/vc_row][vc_row][vc_column][vc_empty_space height=&#8221;40px&#8221;][vc_separator color=&#8221;violet&#8221;][vc_custom_heading text=&#8221;Bildergalerie&#8221; google_fonts=&#8221;font_family:Open%20Sans%3A300%2C300italic%2Cregular%2Citalic%2C600%2C600italic%2C700%2C700italic%2C800%2C800italic|font_style:300%20light%20regular%3A300%3Anormal&#8221;][vc_empty_space][\/vc_column][\/vc_row][vc_row][vc_column][vc_masonry_media_grid gap=&#8221;15&#8243; grid_id=&#8221;vc_gid:1681137099199-cb2d127d-de19-9&#8243; include=&#8221;33408,33407,33406,33405,33404,33403,33402,33401,33400,33399,33398,33397,33396,33395,33394,33393,33392,33391,33390,33389,33388,33387,33386,33385,33384,33383,33382,33381,33380,33379,33378,33377,33376,33375,33374,33373,33372,33371,33370,33369,33368,33367,33366,33365,33364,33363,33362,33361,33360,33359&#8243;][\/vc_column][\/vc_row][vc_row][vc_column width=&#8221;1\/2&#8243;][vc_video link=&#8221;https:\/\/youtu.be\/tOAVmIn7sA4&#8243;][\/vc_column][vc_column width=&#8221;1\/2&#8243;][vc_video link=&#8221;https:\/\/youtu.be\/NfsiihBt-SU&#8221;][\/vc_column][\/vc_row][vc_row][vc_column][vc_column_text]\r\n<h2 class=\"vc_custom_heading\">\u00dcber weitere Teilnehmer-Fotos w\u00fcrden wir uns sehr freuen!<\/h2>\r\nBitte per email an: <a href=\"mailto:HADI@buero-wesel.de\">HADI@buero-wesel.de<\/a>\r\n\r\nMit dem Upload stimmt Ihr der Ver\u00f6ffentlichung auf den Webseiten der Lauffreunde HADI Wesel e. V. zu.\r\n\r\nDanke[\/vc_column_text][\/vc_column][\/vc_row]<\/div>","protected":false},"excerpt":{"rendered":"<p>[vc_row][vc_column][vc_empty_space height=&#8221;80px&#8221;][vc_custom_heading text=&#8221;Moonlightlauf at home 2020&#8243; font_container=&#8221;tag:h2|text_align:center|color:%23ffffff&#8221; google_fonts=&#8221;font_family:Open%20Sans%3A300%2C300italic%2Cregular%2Citalic%2C600%2C600italic%2C700%2C700italic%2C800%2C800italic|font_style:400%20regular%3A400%3Anormal&#8221; css_animation=&#8221;bounceInLeft&#8221;][vc_separator color=&#8221;violet&#8221;][\/vc_column][\/vc_row][vc_row][vc_column width=&#8221;1\/5&#8243;][\/vc_column][vc_column width=&#8221;1\/5&#8243;][\/vc_column][vc_column width=&#8221;1\/5&#8243;][\/vc_column][vc_column width=&#8221;1\/5&#8243;][\/vc_column][vc_column width=&#8221;1\/5&#8243;][vc_toggle title=&#8221;Ergebnisse&#8221;]Zieleinlaufliste Altersklassenliste [\/vc_toggle][\/vc_column][\/vc_row][vc_row][vc_column width=&#8221;1\/4&#8243;][vc_single_image image=&#8221;33458&#8243; img_size=&#8221;full&#8221;][\/vc_column][vc_column width=&#8221;3\/4&#8243;][vc_video link=&#8221;https:\/\/youtu.be\/IHcqCUYmvCE&#8221; align=&#8221;center&#8221;][\/vc_column][\/vc_row][vc_row][vc_column][vc_empty_space][vc_custom_heading text=&#8221;Hier die Sieger\/innen und Platzierten:&#8221; font_container=&#8221;tag:h2|text_align:center&#8221; google_fonts=&#8221;font_family:Open%20Sans%3A300%2C300italic%2Cregular%2Citalic%2C600%2C600italic%2C700%2C700italic%2C800%2C800italic|font_style:300%20light%20regular%3A300%3Anormal&#8221;][vc_empty_space][\/vc_column][\/vc_row][vc_row][vc_column width=&#8221;1\/6&#8243;][\/vc_column][vc_column width=&#8221;2\/6&#8243;][vc_column_text] 1. Sascha Hubbert 23:10 Bunert Kleve 2. Jens Gosebrink 24:46 LG Alpen 3. Heiner Wardemann 25:13 Bataver Lauftreff Emmerich 4. Karsten Jan\u00dfen [&hellip;]<\/p>\n","protected":false},"author":1,"featured_media":0,"parent":0,"menu_order":0,"comment_status":"closed","ping_status":"closed","template":"","meta":{"advanced_seo_description":"","jetpack_seo_html_title":"","jetpack_seo_noindex":false,"footnotes":""},"class_list":["post-33331","page","type-page","status-publish","hentry"],"jetpack_sharing_enabled":true,"_links":{"self":[{"href":"https:\/\/moonlight-lauf.de\/index.php\/wp-json\/wp\/v2\/pages\/33331","targetHints":{"allow":["GET"]}}],"collection":[{"href":"https:\/\/moonlight-lauf.de\/index.php\/wp-json\/wp\/v2\/pages"}],"about":[{"href":"https:\/\/moonlight-lauf.de\/index.php\/wp-json\/wp\/v2\/types\/page"}],"author":[{"embeddable":true,"href":"https:\/\/moonlight-lauf.de\/index.php\/wp-json\/wp\/v2\/users\/1"}],"replies":[{"embeddable":true,"href":"https:\/\/moonlight-lauf.de\/index.php\/wp-json\/wp\/v2\/comments?post=33331"}],"version-history":[{"count":0,"href":"https:\/\/moonlight-lauf.de\/index.php\/wp-json\/wp\/v2\/pages\/33331\/revisions"}],"wp:attachment":[{"href":"https:\/\/moonlight-lauf.de\/index.php\/wp-json\/wp\/v2\/media?parent=33331"}],"curies":[{"name":"wp","href":"https:\/\/api.w.org\/{rel}","templated":true}]}}