{"id":30832,"date":"2020-01-19T13:39:41","date_gmt":"2020-01-19T13:39:41","guid":{"rendered":"https:\/\/moonlight-lauf.de\/?page_id=30832"},"modified":"2024-06-15T10:04:57","modified_gmt":"2024-06-15T10:04:57","slug":"veranstaltungsort","status":"publish","type":"page","link":"https:\/\/moonlight-lauf.de\/index.php\/veranstaltungsort\/","title":{"rendered":"Veranstaltungsort"},"content":{"rendered":"<div class=\"wpb-content-wrapper\">[vc_row][vc_column][vc_empty_space height=&#8221;120px&#8221;][\/vc_column][\/vc_row][vc_row full_width=&#8221;stretch_row_content&#8221; content_placement=&#8221;top&#8221;][vc_column width=&#8221;1\/4&#8243; css=&#8221;.vc_custom_1718445804828{margin-right: 30px !important;margin-left: 30px !important;}&#8221;][vc_empty_space height=&#8221;30&#8243;][vc_empty_space height=&#8221;40px&#8221;][vc_single_image image=&#8221;33466&#8243; img_size=&#8221;full&#8221; alignment=&#8221;center&#8221; css=&#8221;&#8221;][vc_single_image image=&#8221;30835&#8243; img_size=&#8221;full&#8221; alignment=&#8221;center&#8221; css=&#8221;&#8221;][vc_column_text]\r\n<p style=\"text-align: center;\"><span style=\"color: #ffffff;\">Westenergie Auestadion<\/span><\/p>\r\n<p style=\"text-align: center;\"><span style=\"color: #ffffff;\">In der Aue 1<\/span><\/p>\r\n<p style=\"text-align: center;\"><span style=\"color: #ffffff;\">46487 Wesel<\/span><\/p>\r\n[\/vc_column_text][\/vc_column][vc_column width=&#8221;3\/4&#8243;][vc_custom_heading text=&#8221;VERANSTALTUNGSORT&#8221; font_container=&#8221;tag:h2|text_align:center&#8221; google_fonts=&#8221;font_family:Open%20Sans%3A300%2C300italic%2Cregular%2Citalic%2C600%2C600italic%2C700%2C700italic%2C800%2C800italic|font_style:400%20regular%3A400%3Anormal&#8221; css=&#8221;&#8221;][vc_column_text css=&#8221;.vc_custom_1718445004688{margin-right: 30px !important;margin-left: 30px !important;}&#8221;]<span style=\"color: #ffffff;\">Das Westenergie Auestadion ist Landesleistungsst\u00fctzpunkt Leichtathletik im besonderen Landesinteresse und eine herausragende Sportst\u00e4tte in Wesel. Dank der umfangreichen Ausstattung besonders auf den Nebenanlagen ist das Stadion einer der wenigen Standorte in Deutschland, die uneingeschr\u00e4nkt f\u00fcr Deutsche Mehrkampfmeisterschaften geeignet sind. Nach dem Abschluss der Modernisierunsarbeiten im Sommer 2011 verf\u00fcgt das Stadion \u00fcber acht Rundlaufbahnen und eine moderne Flutlichtanlage.<\/span>\r\n\r\n<span style=\"color: #ffffff;\">Das Stadion ist Heimstatt des Leichtathletikvereins Weseler Turnverein von 1860, der als Motor der Leichtathletik in Wesel verstanden werden kann. Der Verein betreibt auf dem Stadiongel\u00e4nde eine Leichtathletikhalle mit Kraftraum, um auch im Winter einen uneingeschr\u00e4nkten Trainingsbetrieb sicherstellen zu k\u00f6nnen.<\/span>\r\n\r\n<span style=\"color: #ffffff;\">Der Weseler Spielverein ist als Fu\u00dfballverein der zweite gro\u00dfe Nutzer des Stadions. Auf dem Rasenplatz, dem Tennenplatz und einem Trainingsfeld betreut der Vereine eine gro\u00dfe Seniorenabteilung und einen stetig wachsenden Jugendbereich.<\/span>\r\n\r\n<span style=\"color: #ffffff;\">Daneben betreibt die Gymnastikschule Wesel mit Ihrer erfolgreichen Rollsportabteilung eine Rollschuhbahn auf dem Areal des Stadions.<\/span>\r\n\r\n<span style=\"color: #ffffff;\">Die Lauffreunde HADI nutzen das Stadion aus Ausgangspunkt f\u00fcr Ihre L\u00e4ufe. Der Verein ist daneben verantwortlich f\u00fcr die beleuchtete Laufstrecke am Auesee und f\u00fcr zahlreiche Laufveranstaltungen in der Aue und im Stadion durch.<\/span>\r\n\r\n<span style=\"color: #ffffff;\">Seit dem Jahr 2018 betreiben die Rhineflags Wesel die Trendsportart Flagfootball im Westenergie Auestadion und freuen sich immer gr\u00f6\u00dfer werdender Beliebtheit<\/span>[\/vc_column_text][\/vc_column][\/vc_row][vc_row][vc_column][vc_separator color=&#8221;violet&#8221;][\/vc_column][\/vc_row][vc_row full_width=&#8221;stretch_row_content&#8221; awb_type=&#8221;image&#8221; awb_stretch=&#8221;1&#8243; awb_image_background_position=&#8221;50% 50%&#8221; first_background_color=&#8221;#7100e2&#8243; second_background_color=&#8221;#7202e2&#8243; enable_parallax=&#8221;true&#8221; parallax_background=&#8221;32997&#8243; parallax_style=&#8221;fixed&#8221; awb_image=&#8221;32997&#8243;][vc_column width=&#8221;1\/2&#8243;][vc_empty_space height=&#8221;30&#8243;][vc_column_text css=&#8221;&#8221;]\r\n<h2 style=\"text-align: center;\">Lageplan der 3,5 km langen Strecke<\/h2>\r\n[\/vc_column_text][vc_empty_space height=&#8221;300&#8243;][\/vc_column][vc_column width=&#8221;1\/2&#8243;][vc_empty_space height=&#8221;30&#8243;][vc_single_image image=&#8221;30848&#8243; img_size=&#8221;large&#8221; alignment=&#8221;center&#8221; style=&#8221;vc_box_rounded&#8221; onclick=&#8221;link_image&#8221;][\/vc_column][\/vc_row][vc_row][vc_column][vc_empty_space][\/vc_column][\/vc_row][vc_row][vc_column width=&#8221;1\/2&#8243;][vc_custom_heading text=&#8221;S T R E C K E&#8221; google_fonts=&#8221;font_family:Open%20Sans%3A300%2C300italic%2Cregular%2Citalic%2C600%2C600italic%2C700%2C700italic%2C800%2C800italic|font_style:400%20regular%3A400%3Anormal&#8221;][vc_column_text]<span style=\"color: #ffffff;\"><strong>Liebe Teilnehmer und Besucher des Moonlight-Lauf Wesel<\/strong><\/span>\r\n\r\n<span style=\"color: #ffffff;\">Die Wettkampfstrecke des Moonlightlauf Wesel &#8211;\u00a0 3,5 km\u00a0 Laufstrecke auf der Halbinsel im Landschaftsschutzgebiet des Auesee Wesel. Nach der zweiten Runde endet der Lauf mit dem Einlauf in die Fackelgasse im Stadion.<\/span>\r\n\r\n<span style=\"color: #ffffff;\">Untergrund: Asphalt und Schotterweg<\/span>[\/vc_column_text][\/vc_column][vc_column width=&#8221;1\/2&#8243;][vc_empty_space][vc_column_text]<span style=\"color: #ffffff;\">Wir haben einen gro\u00dfen und kostenfreien Parkplatz nur f\u00fcr Euch reserviert. Bitte folgt den Hinweisen Parkplatz Westenergie Auestadion und dann den Anweisungen unsere freundlichen Parkplatzeinweiser. Danke!<\/span>\r\n\r\n<span style=\"color: #ffffff;\">F\u00fcr das Navi: 46487 Wesel, In der Aue 1<\/span>[\/vc_column_text][\/vc_column][\/vc_row][vc_row full_width=&#8221;stretch_row_content_no_spaces&#8221; content_placement=&#8221;middle&#8221;][vc_column][vc_empty_space height=&#8221;60px&#8221;][vc_separator color=&#8221;violet&#8221;][\/vc_column][\/vc_row][vc_row][vc_column width=&#8221;1\/4&#8243;][vc_empty_space height=&#8221;70px&#8221;][vc_single_image image=&#8221;32998&#8243; img_size=&#8221;large&#8221; alignment=&#8221;center&#8221; style=&#8221;vc_box_rounded&#8221; onclick=&#8221;link_image&#8221;][\/vc_column][vc_column width=&#8221;3\/4&#8243;][vc_custom_heading text=&#8221;Vor Ort&#8221; google_fonts=&#8221;font_family:Open%20Sans%3A300%2C300italic%2Cregular%2Citalic%2C600%2C600italic%2C700%2C700italic%2C800%2C800italic|font_style:400%20regular%3A400%3Anormal&#8221;][vc_column_text]<span style=\"color: #ffffff;\">stehen Ihnen Umkleide und warme Dusche zur Verf\u00fcgung.<\/span>[\/vc_column_text][\/vc_column][\/vc_row]<\/div>","protected":false},"excerpt":{"rendered":"<p>[vc_row][vc_column][vc_empty_space height=&#8221;120px&#8221;][\/vc_column][\/vc_row][vc_row full_width=&#8221;stretch_row_content&#8221; content_placement=&#8221;top&#8221;][vc_column width=&#8221;1\/4&#8243; css=&#8221;.vc_custom_1718445804828{margin-right: 30px !important;margin-left: 30px !important;}&#8221;][vc_empty_space height=&#8221;30&#8243;][vc_empty_space height=&#8221;40px&#8221;][vc_single_image image=&#8221;33466&#8243; img_size=&#8221;full&#8221; alignment=&#8221;center&#8221; css=&#8221;&#8221;][vc_single_image image=&#8221;30835&#8243; img_size=&#8221;full&#8221; alignment=&#8221;center&#8221; css=&#8221;&#8221;][vc_column_text] Westenergie Auestadion In der Aue 1 46487 Wesel [\/vc_column_text][\/vc_column][vc_column width=&#8221;3\/4&#8243;][vc_custom_heading text=&#8221;VERANSTALTUNGSORT&#8221; font_container=&#8221;tag:h2|text_align:center&#8221; google_fonts=&#8221;font_family:Open%20Sans%3A300%2C300italic%2Cregular%2Citalic%2C600%2C600italic%2C700%2C700italic%2C800%2C800italic|font_style:400%20regular%3A400%3Anormal&#8221; css=&#8221;&#8221;][vc_column_text css=&#8221;.vc_custom_1718445004688{margin-right: 30px !important;margin-left: 30px !important;}&#8221;]Das Westenergie Auestadion ist Landesleistungsst\u00fctzpunkt Leichtathletik im besonderen Landesinteresse und eine herausragende Sportst\u00e4tte in Wesel. Dank der [&hellip;]<\/p>\n","protected":false},"author":1,"featured_media":0,"parent":0,"menu_order":0,"comment_status":"closed","ping_status":"closed","template":"","meta":{"advanced_seo_description":"","jetpack_seo_html_title":"","jetpack_seo_noindex":false,"footnotes":""},"class_list":["post-30832","page","type-page","status-publish","hentry"],"jetpack_sharing_enabled":true,"_links":{"self":[{"href":"https:\/\/moonlight-lauf.de\/index.php\/wp-json\/wp\/v2\/pages\/30832","targetHints":{"allow":["GET"]}}],"collection":[{"href":"https:\/\/moonlight-lauf.de\/index.php\/wp-json\/wp\/v2\/pages"}],"about":[{"href":"https:\/\/moonlight-lauf.de\/index.php\/wp-json\/wp\/v2\/types\/page"}],"author":[{"embeddable":true,"href":"https:\/\/moonlight-lauf.de\/index.php\/wp-json\/wp\/v2\/users\/1"}],"replies":[{"embeddable":true,"href":"https:\/\/moonlight-lauf.de\/index.php\/wp-json\/wp\/v2\/comments?post=30832"}],"version-history":[{"count":0,"href":"https:\/\/moonlight-lauf.de\/index.php\/wp-json\/wp\/v2\/pages\/30832\/revisions"}],"wp:attachment":[{"href":"https:\/\/moonlight-lauf.de\/index.php\/wp-json\/wp\/v2\/media?parent=30832"}],"curies":[{"name":"wp","href":"https:\/\/api.w.org\/{rel}","templated":true}]}}